1528 + 51523. Calculate f(g).
34
Let t(q) = q - 5. Suppose -3*z - 4*s = -0*s + 14, 0 = -2*z - s - 1. Suppose -3*r + 35 = 4*l + 9, -5*r = z*l - 20. Determine t(l).
0
Let i(t) = 1 - 2*t**2 - 1 + 6045*t**3 - 6043*t**3 - 3*t + 1 + 4*t**2. Give i(-3).
-26
Let b(u) = u + 1. Let d = -141 + 142. Let l(y) = -2*y - 2. Let h(p) = d*l(p) + b(p). Calculate h(-7).
6
Suppose -2*d - 2*d + 24 = 0. Suppose 0 = o - d*o - 10. Let u(m) = -291*m**3 + 292*m**3 + 3 + 60*m**2 - 56*m**2 - 3 + 3*m. Calculate u(o).
2
Let d(o) = o**3 - 5*o**2 - 69*o + 337. Let r be d(8). Let j(p) = -p**2 - 17*p + 132. Determine j(r).
-6
Let b(w) be the first derivative of -w**3/2 - 2*w**2 + 109*w + 21. Let g(m) be the first derivative of b(m). Give g(-5).
11
Let l(c) = -19*c**2 + 8*c + 45*c**2 - 25*c**2 + 33*c**3 - 32*c**3 + 11. Give l(-4).
-69
Let a(b) = 10*b + 2*b**2 - 3*b**2 - 1 - 15*b. Let c(o) = -o - 5. Let y be c(15). Let x be -6 - (-5)/(y/(-4)). Give a(x).
-1
Let k(s) = 3*s + 14. Suppose 2*u - 62 = 3*o - 26, 0 = 5*u - 15. Let t be (-48)/8*(-15)/o. What is k(t)?
-13
Let r(g) = -g**3 - 24*g**2 + 27*g + 49. Suppose 19*o + 16122 - 15647 = 0. Calculate r(o).
-1
Let u be 2/5*(-10)/(-1). Let b(a) = -14196011*a - 1 - a**2 + 2*a**2 + 14196013*a. Give b(u).
23
Let n(h) = 2*h - 16. Let s(a) = -4*a + 34. Let b(j) = -13*n(j) - 6*s(j). Let v(z) = 11*z - 33. Let f(o) = -6*b(o) - v(o). Determine f(-11).
-2
Let q(v) = -24*v + 51. Let x be q(2). Let a(z) = 5*z**2 - 9*z**2 + x*z - 6 + 3*z**2. Let g(j) = j**3 - 5*j**2 - 6*j + 5. Let n be g(6). Calculate a(n).
-16
Suppose -k - 160 = y - 169, -k = -3*y + 11. Let z(w) = -w**2 + 6*w + 2. Calculate z(y).
7
Let k(m) be the third derivative of 1/10*m**5 + 0 + 0*m**4 - 2*m**2 + 0*m - 2/3*m**3 + 1/120*m**6. Calculate k(-5).
21
Suppose -2*q + 2*z = -10, 20 - 68 = -6*q - 3*z. Let b(y) = y**3 - 3*y**2 - 25*y - 22. What is b(q)?
-1
Let t be 1/(-9) - 360/405. Let z be 8/(-28) + (-32)/(-14) - t. Let f(m) = -m**3 + 3*m**2 - 2*m - 2. Give f(z).
-8
Let l(k) = k**2 - 2*k - 5. Suppose -6*b - 4*b - 80 = 0. Let u be (6/4)/((-1)/(b/6)). Suppose -p + u = p + 3*y, -18 = -2*p + 5*y. Determine l(p).
3
Let m(p) = -3 + 24*p - 21 - p**2 - 16*p. Let g be m(4). Let o(u) = u. Determine o(g).
-8
Suppose r - 22 = -5*u, -5*r + r + 4 = -u. Let p(y) = -u*y**2 + 65 - 17*y + 2*y**2 - 114 + y**2. Let l be p(-14). Let f(v) = -v - 15. Give f(l).
-8
Let g(c) = -2*c - 14. Let z = 166 - 196. Let v be 40/(-7) + z/105. What is g(v)?
-2
Let v(l) = -69*l**3 + 5*l - 9. Let p(u) = 17*u**3 - u + 2. Let m(n) = 8*n**2 - 3*n - 2. Let q = -45 + 44. Let j be m(q). Let r(k) = j*p(k) + 2*v(k). Give r(1).
16
Let y = -32 + 22. Let u(z) = -14*z - 11*z - 7*z - 8*z**2 + 23*z - 22 + 7*z**2 - 3*z. Determine u(y).
-2
Let b = -10 - -20. Let c(a) = -9*a - 51864 + 51852 + 12*a. Give c(b).
18
Let y(a) = a**3 - 9*a**2 - 92*a + 46. Let q be y(15). Let i(n) = -3*n + 18. Give i(q).
-30
Let t(i) = -5*i**3 - i**2 - 11*i - 2. Let v be 51/34 - 1/(-2). Let s(h) = v + 6*h**3 - 7*h + 0 - 2*h**3 + 17*h. Let n(f) = -6*s(f) - 5*t(f). Give n(-6).
-8
Let w(m) = -41 + 29*m + 74 - 16 + 2*m**2 - m**2 - 45. Give w(1).
2
Let u be 2 + 5 + -4 - -1. Suppose -3*g + 35 = -5*f, -5*g = -u*f - 53 + 12. Let p(w) = -w**3 - 3*w**2 + 5*w + 5. Give p(f).
1
Let x(y) = -y**2 + 9*y + 7. Let u(b) = -2*b**2 + 6*b + 6. Let o(z) = 4*u(z) - 3*x(z). Calculate o(1).
-5
Let b(w) be the first derivative of -4*w - w**3 + 2*w**2 + 2 - 1/4*w**4. Determine b(-4).
-4
Let c be (760/(-140))/38 + 22/7. Let g(w) = -5*w**3 + 15*w**2 - w - 6. Calculate g(c).
-9
Let q(x) be the second derivative of 6*x + x**3 - 3*x**2 - 1/6*x**4 - 3. What is q(4)?
-14
Let x(s) = s - 6. Let l be x(3). Let u(h) = -642*h**3 + h + 216*h**3 - 4 + h + 207*h**3 + 218*h**3 - h**2. Give u(l).
8
Let c(s) = -s**2 + 34. Let n(b) = -2*b + 13. Let f be n(10). Let q be c(f). Let r = 12 + q. Let g(h) = -3*h - 4. Calculate g(r).
5
Let j(w) be the third derivative of w**4/12 + w**3/6 - 681*w**2 + 2*w. Let o = -15 - -16. Calculate j(o).
3
Let j(h) = 80 + 68 - 13*h**2 + 81 + h**3 - h - 239. Determine j(13).
-23
Let g = -159 - -163. Let m(u) = -18*u - 1 + 3*u**2 + 25*u + g*u**2 - 5*u**2 + 0. Give m(-5).
14
Let s(h) = -3 - 2 - 2 + 6*h + 2. Let f(m) = -5*m + 5. Let k(j) = -5*f(j) - 4*s(j). Determine k(5).
0
Let l be (3 - 5)/(2/131). Let w = -129 - l. Let o(c) = c**3 - c**2 + 2*c. Give o(w).
8
Let q(m) = 2*m**3 + 163*m**2 + 68*m - 1064. Let u be q(-81). Let l(y) = 11*y + 15. Let i(g) = 5*g + 7. Let f(r) = 9*i(r) - 4*l(r). Give f(u).
-8
Let h be (0 - (-96)/30)*((-39)/(-6) + -4). Let j(c) = 6*c - 56. Determine j(h).
-8
Let m(r) = -4*r**2 - 2*r - 2. Suppose 34*h - 421 - 973 = 0. Suppose 6 = -44*x + h*x. What is m(x)?
-14
Let j = 3155 + -3151. Let m(b) be the second derivative of 0 - b**2 - 1/12*b**4 + j*b + 1/3*b**3. Give m(3).
-5
Let f be 9*1 + (-92)/(-30 + 53). Let c(k) = -29*k - 23. Calculate c(f).
-168
Let t(k) = -3*k**3 + 4*k + 1. Let p(o) = 4*o**3 - o**2 - 5*o. Let c(y) = 4*p(y) + 5*t(y). Suppose 88386 = -116*q + 88850. Calculate c(q).
5
Let l(k) = -k**3 - 7*k**2 - 2*k + 6. Suppose 5*t - 17 + 17 = 0. Suppose t = -4*q + 16, -r + 4*q + 0*q = 23. Give l(r).
20
Let s be (190/152)/(1/(-8)). Let g(j) = j**3 + 10*j**2 + j + 5. Determine g(s).
-5
Let x(g) = -g + 1. Let z(o) = -o + 2. Let u be (-14)/8 + (-2)/8. Let a(m) = u*x(m) + z(m). Calculate a(6).
6
Let p be (2 - (-32)/(-6))*(-915)/610. Let v(m) = m**3 - 6*m**2 + 6*m - 6. Give v(p).
-1
Let c(s) = 4*s + 7*s - 86 - 105 + 181 + 2*s. Determine c(4).
42
Suppose 93*p + 387 = 480. Let k(c) = 15*c**3 + 2*c**2 - 3*c. Give k(p).
14
Let w(v) = -2*v**2 - 4*v. Let k(p) = -p**2 - 5*p + 1. Let a(q) = -2*k(q) + 3*w(q). Let r = 2371 - 2373. Determine a(r).
-14
Let y(p) = 11*p + 405. Suppose -d + 4*t - 68 = 0, 1565*t = 1572*t - 56. What is y(d)?
9
Let d be (-2)/(-6)*(25 + 14). Suppose -2*i = -2*p + 2 + 12, 0 = p + 3*i + d. Let l(w) = 4*w + 3*w**2 - 1 + w**3 + p + 4 + w. Give l(-4).
-31
Let q(h) = 8 - 852*h + 862*h + 3. What is q(-2)?
-9
Let k(a) = -64*a + 627. Let u be k(10). Let r(w) = -3*w**2 - 41*w - 17. What is r(u)?
9
Let m(f) = 2*f**3 + 20*f**2 + 35*f + 8. Let b(v) = -3*v**3 - 30*v**2 - 53*v - 15. Let j(q) = 5*b(q) + 7*m(q). Determine j(-8).
13
Let m(v) = -809*v + 5659. Let s be m(7). Let g(d) = -d**3 - 5*d**2 - 6*d - 14. What is g(s)?
-6
Let m be -1*(80/(-12) - -4 - 2/6). Let f(b) = -b**2 - 14*b + 45. What is f(m)?
-6
Suppose -4*i + 2 = -3*f - 14, -5*i + 9 = -f. Let l(b) = b**3 + b**2 + 3*b + 8. Determine l(f).
-52
Let q(y) = 138*y + 1379. Let h be q(-10). Let i(f) = 111*f**3 - 2*f**2 - f. Give i(h).
-112
Let k(j) = -j**3 - 4*j**2 + 17*j - 16. Let v(f) = -7*f**3 - 23*f**2 + 107*f - 97. Let c(s) = 13*k(s) - 2*v(s). Give c(6).
28
Let m(o) = -o**3 - o**2 + 5*o + 8. Let i(b) = 10*b**3 - 31*b**2 + 13. Let c be i(3). Calculate m(c).
-52
Let w(n) = n**3 - 8*n**2 + 9*n - 9. Let v be -4 - (-2 - -4 - 10). Suppose -v*c - 8 = 8. Let y be (1 - (-11)/(-4))*c. Calculate w(y).
5
Let s(d) = -d + 10 + 0*d - d + 4*d. Suppose -4*y - 8 - 12 = 0, -4*y - 11 = -c. Calculate s(c).
-8
Let b(k) = -k**3 - 8*k**2 + 8*k - 5. Let g be b(-9). Let l be g*1 + 1 - (9 + -10). Suppose 0 - l = -6*v. Let j(y) = 11*y**2 - 1. Give j(v).
10
Let y = -48 - -46. Let h(u) be the second derivative of u**2 + 0 + 1/20*u**5 + 12*u - 1/6*u**3 - 1/12*u**4. Calculate h(y).
-8
Let g(q) = -10350*q + 11*q**2 + 26*q**3 + 23 - 25*q**3 + 10364*q. What is g(-10)?
-17
Let t(z) = -z**2 + 84*z + 357. Let p be t(-4). Let f(g) be the second derivative of 1/20*g**p + 1/2*g**2 - 33*g + 1/6*g**3 - 1/6*g**4 + 0. What is f(-2)?
-17
Suppose -2*a = 4*a. Let q be 2 - (-4)/(-1) - (a - -1). Let w be ((-14)/(-8))/((-39)/12 - q). Let c(z) = z**3 + 8*z**2 + 4*z - 10. Determine c(w).
11
Let j be 840/245 - (-3)/(-7). Let z(l) = 0*l + 942 - j*l - 940. Give z(-1).
5
Let v(d) = -d**3 + 5*d**2 - 4*d - 2. Let m be (-410)/5535 + (-110)/(-27). Calculate v(m).
-2
Suppose -38 - 11 - 141 = 38*p. Let k(m) = -m**3 - 3*m**2 + 13*m + 10. Determine k(p).
-5
Let r(y) be the third derivative of y**5/40 - y**4/6 - 29*y**3/2 - 7*y**2 - 2*y. Let j(q) be the first derivative of r(q). What is j(0)?
-4
Let g(j) = 4*j**3 + 7*j**2 - 10*j - 10. Let b(d) = d**3 + 3*d**2 + d + 1. Let y(k) = 5*b(k) - g(k). Suppose -15 - 15 = 5*v. Calculate y(v).
-3
Let o be (-4)/6*3*-1. Let j(k) = -